19.
14
What is the remainder when 71912 is divided by 934?
928
Calculate the remainder when 40051 is divided by 870.
31
What is the remainder when 9388 is divided by 9352?
36
Calculate the remainder when 434498 is divided by 169.
168
What is the remainder when 1227830 is divided by 963?
5
What is the remainder when 24812 is divided by 8269?
5
What is the remainder when 88682 is divided by 3854?
40
Calculate the remainder when 2570939 is divided by 486.
485
Calculate the remainder when 24617 is divided by 65.
47
What is the remainder when 1096 is divided by 122?
120
Calculate the remainder when 22462 is divided by 3208.
6
Calculate the remainder when 1051 is divided by 162.
79
What is the remainder when 11901 is divided by 258?
33
What is the remainder when 7083 is divided by 186?
15
Calculate the remainder when 3724 is divided by 408.
52
Calculate the remainder when 153746 is divided by 51207.
125
What is the remainder when 53273 is divided by 347?
182
Calculate the remainder when 23629 is divided by 56.
53
Calculate the remainder when 6613 is divided by 1647.
25
Calculate the remainder when 186758 is divided by 102.
98
Calculate the remainder when 5646 is divided by 519.
456
Calculate the remainder when 721 is divided by 187.
160
What is the remainder when 12694 is divided by 40?
14
Calculate the remainder when 16892 is divided by 244.
56
Calculate the remainder when 18789 is divided by 87.
84
Calculate the remainder when 19386 is divided by 346.
10
Calculate the remainder when 16246 is divided by 5411.
13
What is the remainder when 703405 is divided by 8085?
10
What is the remainder when 118299 is divided by 35?
34
What is the remainder when 19445 is divided by 382?
345
Calculate the remainder when 33842 is divided by 1470.
32
Calculate the remainder when 32623 is divided by 59.
55
What is the remainder when 52697 is divided by 390?
47
Calculate the remainder when 660051 is divided by 180.
171
Calculate the remainder when 46924 is divided by 281.
278
What is the remainder when 73348 is divided by 175?
23
What is the remainder when 4653 is divided by 97?
94
Calculate the remainder when 834 is divided by 85.
69
What is the remainder when 2550 is divided by 711?
417
Calculate the remainder when 9554 is divided by 2375.
54
What is the remainder when 9105838 is divided by 167?
163
Calculate the remainder when 59351 is divided by 5382.
149
Calculate the remainder when 143154 is divided by 46.
2
What is the remainder when 423666 is divided by 423661?
5
Calculate the remainder when 5549 is divided by 25.
24
What is the remainder when 877 is divided by 58?
7
What is the remainder when 229459 is divided by 385?
384
What is the remainder when 87837 is divided by 80?
77
What is the remainder when 116958 is divided by 860?
858
What is the remainder when 5397 is divided by 1247?
409
What is the remainder when 2068862 is divided by 59?
27
Calculate the remainder when 2299 is divided by 2227.
72
What is the remainder when 679 is divided by 553?
126
What is the remainder when 1131 is divided by 447?
237
Calculate the remainder when 35901 is divided by 12.
9
What is the remainder when 681 is divided by 269?
143
What is the remainder when 12761 is divided by 77?
56
Calculate the remainder when 148998 is divided by 13.
5
What is the remainder when 100626 is divided by 36?
6
What is the remainder when 6034 is divided by 225?
184
Calculate the remainder when 162107 is divided by 114.
113
Calculate the remainder when 41573 is divided by 210.
203
Calculate the remainder when 2439 is divided by 1557.
882
What is the remainder when 19243 is divided by 19?
15
What is the remainder when 10202 is divided by 167?
15
Calculate the remainder when 11795 is divided by 1730.
1415
Calculate the remainder when 166073 is divided by 12774.
11
Calculate the remainder when 5492 is divided by 423.
416
Calculate the remainder when 1271181 is divided by 28.
9
Calculate the remainder when 4005 is divided by 77.
1
Calculate the remainder when 485022 is divided by 161670.
12
What is the remainder when 6318 is divided by 62?
56
Calculate the remainder when 1801 is divided by 300.
1
Calculate the remainder when 531 is divided by 134.
129
What is the remainder when 5887042 is divided by 463?
460
What is the remainder when 37373 is divided by 132?
17
Calculate the remainder when 48820 is divided by 474.
472
Calculate the remainder when 351 is divided by 270.
81
Calculate the remainder when 61537 is divided by 20436.
229
What is the remainder when 22774 is divided by 1506?
184
Calculate the remainder when 354495 is divided by 553.
22
Calculate the remainder when 274656 is divided by 203.
200
Calculate the remainder when 7331 is divided by 68.
55
Calculate the remainder when 271903 is divided by 1162.
1157
What is the remainder when 23807 is divided by 42?
35
What is the remainder when 21923 is divided by 5477?
15
What is the remainder when 460307 is divided by 1205?
1202
What is the remainder when 20280 is divided by 550?
480
What is the remainder when 521915 is divided by 173971?
2
Calculate the remainder when 3500 is divided by 47.
22
What is the remainder when 207437 is divided by 277?
241
What is the remainder when 913 is divided by 374?
165
Calculate the remainder when 66877 is divided by 76.
73
What is the remainder when 14387 is divided by 433?
98
What is the remainder when 50386 is divided by 99?
94
What is the remainder when 21737 is divided by 320?
297
What is the remainder when 65748 is divided by 22?
12
What is the remainder when 142625 is divided by 107?
101
What is the remainder when 3493714 is divided by 1559?
1554
Calculate the remainder when 507689 is divided by 4266.
35
What is the remainder when 389825 is divided by 880?
865
Calculate the remainder when 279 is divided by 121.
37
What is the remainder when 2374 is divided by 1689?
685
Calculate the remainder when 11608 is divided by 43.
41
Calculate the remainder when 1241576 is divided by 901.
899
What is the remainder when 13209 is divided by 6327?
555
Calculate the remainder when 86932 is divided by 53.
12
Calculate the remainder when 284928 is divided by 224.
0
What is the remainder when 996179 is divided by 14231?
9
What is the remainder when 5320 is divided by 62?
50
What is the remainder when 1035 is divided by 137?
76
Calculate the remainder when 344 is divided by 149.
46
Calculate the remainder when 572 is divided by 323.
249
What is the remainder when 10924 is divided by 10911?
13
What is the remainder when 624428 is divided by 117?
116
What is the remainder when 29394 is divided by 173?
157
What is the remainder when 373869 is divided by 343?
342
Calculate the remainder when 1831 is divided by 199.
40
What is the remainder when 22706 is divided by 4?
2
Calculate the remainder when 198249 is divided by 650.
649
Calculate the remainder when 306800 is divided by 12.
8
What is the remainder when 8447 is divided by 217?
201
Calculate the remainder when 31222 is divided by 120.
22
What is the remainder when 129168 is divided by 51?
36
Calculate the remainder when 39393 is divided by 22.
13
Calculate the remainder when 17252 is divided by 539.
4
What is the remainder when 3097 is divided by 1059?
979
What is the remainder when 1958 is divided by 932?
94
Calculate the remainder when 14557 is divided by 130.
127
Calculate the remainder when 218602 is divided by 281.
265
What is the remainder when 11584 is divided by 682?
672
What is the remainder when 757882 is divided by 73?
69
Calculate the remainder when 3942752 is divided by 18.
14
What is the remainder when 1650692 is divided by 718?
10
Calculate the remainder when 3212 is divided by 2363.
849
What is the remainder when 29493 is divided by 577?
66
Calculate the remainder when 2622798 is divided by 158.
156
Calculate the remainder when 106495 is divided by 8.
7
What is the remainder when 564804 is divided by 201?
195
What is the remainder when 64655 is divided by 16163?
3
What is the remainder when 159649 is divided by 9391?
2
Calculate the remainder when 1225 is divided by 310.
295
Calculate the remainder when 14848 is divided by 64.
0
Calculate the remainder when 2508 is divided by 429.
363
Calculate the remainder when 3636 is divided by 1208.
12
Calculate the r